{"id":32,"date":"2022-05-21T19:04:06","date_gmt":"2022-05-21T17:04:06","guid":{"rendered":"https:\/\/www.chalupapodlesi.cz\/?page_id=32"},"modified":"2022-05-22T19:11:11","modified_gmt":"2022-05-22T17:11:11","slug":"okoli","status":"publish","type":"page","link":"https:\/\/www.chalupapodlesi.cz\/?page_id=32","title":{"rendered":"Okol\u00ed"},"content":{"rendered":"\n<p>Okol\u00ed a poloha penzionu poskytuje \u0161irok\u00e9 mo\u017enosti pro celoro\u010dn\u00ed rekreaci. Penzion se nach\u00e1z\u00ed na konci obce Horn\u00ed Polubn\u00fd, jako nejbli\u017e\u0161\u00ed k osad\u011b Jizerka, na b\u011b\u017eeck\u00e9 trase a cyklostezce Jizersk\u00e9 magistr\u00e1ly a v okol\u00ed mnoha ly\u017ea\u0159sk\u00fdch st\u0159edisek.<\/p>\n\n\n<style type=\"text\/css\" scoped>.rbs_gallery_69f280243476bSpinner{\r\n\t\t\t\tmargin: 50px auto;\r\n\t\t\t\twidth: 50px;\r\n\t\t\t\theight: 40px;\r\n\t\t\t\ttext-align: center;\r\n\t\t\t\tfont-size: 10px;\r\n\t\t\t}\r\n\t\t\t.rbs_gallery_69f280243476bSpinner > div{\r\n\t\t\t  background-color: #333;\r\n\t\t\t  height: 100%;\r\n\t\t\t  width: 6px;\r\n\t\t\t  display: inline-block;\r\n\t\t\t  -webkit-animation: rbs_gallery_69f280243476b-stretchdelay 1.2s infinite ease-in-out;\r\n\t\t\t  animation: rbs_gallery_69f280243476b-stretchdelay 1.2s infinite ease-in-out;\r\n\t\t\t}\r\n\t\t\t.rbs_gallery_69f280243476bSpinner .rbs_gallery_69f280243476bRect2 {\r\n\t\t\t  -webkit-animation-delay: -1.1s;\r\n\t\t\t  animation-delay: -1.1s;\r\n\t\t\t}\r\n\t\t\t.rbs_gallery_69f280243476bSpinner .rbs_gallery_69f280243476bRect3 {\r\n\t\t\t  -webkit-animation-delay: -1.0s;\r\n\t\t\t  animation-delay: -1.0s;\r\n\t\t\t}\r\n\t\t\t.rbs_gallery_69f280243476bSpinner .rbs_gallery_69f280243476bRect4 {\r\n\t\t\t  -webkit-animation-delay: -0.9s;\r\n\t\t\t  animation-delay: -0.9s;\r\n\t\t\t}\r\n\t\t\t.rbs_gallery_69f280243476bSpinner .rbs_gallery_69f280243476bRect5 {\r\n\t\t\t  -webkit-animation-delay: -0.8s;\r\n\t\t\t  animation-delay: -0.8s;\r\n\t\t\t}\r\n\t\t\t@-webkit-keyframes rbs_gallery_69f280243476b-stretchdelay {\r\n\t\t\t  0%, 40%, 100% { -webkit-transform: scaleY(0.4) }  \r\n\t\t\t  20% { -webkit-transform: scaleY(1.0) }\r\n\t\t\t}\r\n\t\t\t@keyframes rbs_gallery_69f280243476b-stretchdelay {\r\n\t\t\t  0%, 40%, 100% { \r\n\t\t\t    transform: scaleY(0.4);\r\n\t\t\t    -webkit-transform: scaleY(0.4);\r\n\t\t\t  }  20% { \r\n\t\t\t    transform: scaleY(1.0);\r\n\t\t\t    -webkit-transform: scaleY(1.0);\r\n\t\t\t  }\r\n\t\t\t}\r\n\t\t<\/style><div class=\"robo-gallery-wrap robo-gallery-wrap-id92 robo-gallery-grid\" ><div id=\"rbs_gallery_69f280243476b-block-loader\" class=\"rbs_gallery_69f280243476bSpinner\"><div class=\"rbs_gallery_69f280243476bRect1\"><\/div> <div class=\"rbs_gallery_69f280243476bRect2\"><\/div> <div class=\"rbs_gallery_69f280243476bRect3\"><\/div> <div class=\"rbs_gallery_69f280243476bRect4\"><\/div> <div class=\"rbs_gallery_69f280243476bRect5\"><\/div><\/div><div id=\"robo_gallery_main_block_rbs_gallery_69f280243476b\" class=\"robogallery-gallery-92\" style=\"width:100%;  display: none;\"><div id=\"rbs_gallery_69f280243476b\" data-options=\"rbs_gallery_69f280243476b\" style=\"width:100%;\" class=\"robo_gallery  \"><div class=\"rbs-img  category92 \" ><div class=\"rbs-img-image   rbs-lightbox \" ><div class=\"rbs-img-thumbs\"  data-thumbnail=\"https:\/\/www.chalupapodlesi.cz\/wp-content\/uploads\/2022\/05\/zima6-300x225.jpg\"  title=\"\"  data-width=\"300\"  data-height=\"225\" ><\/div><div class=\"rbs-img-data-popup\"  data-popup=\"https:\/\/www.chalupapodlesi.cz\/wp-content\/uploads\/2022\/05\/zima6.jpg\"  title=\"\" ><\/div><div class=\"thumbnail-overlay\"><div class=\"rbsIcons\"><i class=\"fa fa-search-plus rbsZoomIcon \" ><\/i><\/div><\/div><\/div><\/div><div class=\"rbs-img  category92 \" ><div class=\"rbs-img-image   rbs-lightbox \" ><div class=\"rbs-img-thumbs\"  data-thumbnail=\"https:\/\/www.chalupapodlesi.cz\/wp-content\/uploads\/2022\/05\/zima2-300x225.jpg\"  title=\"\"  data-width=\"300\"  data-height=\"225\" ><\/div><div class=\"rbs-img-data-popup\"  data-popup=\"https:\/\/www.chalupapodlesi.cz\/wp-content\/uploads\/2022\/05\/zima2.jpg\"  title=\"\" ><\/div><div class=\"thumbnail-overlay\"><div class=\"rbsIcons\"><i class=\"fa fa-search-plus rbsZoomIcon \" ><\/i><\/div><\/div><\/div><\/div><div class=\"rbs-img  category92 \" ><div class=\"rbs-img-image   rbs-lightbox \" ><div class=\"rbs-img-thumbs\"  data-thumbnail=\"https:\/\/www.chalupapodlesi.cz\/wp-content\/uploads\/2022\/05\/zima3-225x300.jpg\"  title=\"\"  data-width=\"225\"  data-height=\"300\" ><\/div><div class=\"rbs-img-data-popup\"  data-popup=\"https:\/\/www.chalupapodlesi.cz\/wp-content\/uploads\/2022\/05\/zima3.jpg\"  title=\"\" ><\/div><div class=\"thumbnail-overlay\"><div class=\"rbsIcons\"><i class=\"fa fa-search-plus rbsZoomIcon \" ><\/i><\/div><\/div><\/div><\/div><div class=\"rbs-img  category92 \" ><div class=\"rbs-img-image   rbs-lightbox \" ><div class=\"rbs-img-thumbs\"  data-thumbnail=\"https:\/\/www.chalupapodlesi.cz\/wp-content\/uploads\/2022\/05\/zima4-300x225.jpg\"  title=\"\"  data-width=\"300\"  data-height=\"225\" ><\/div><div class=\"rbs-img-data-popup\"  data-popup=\"https:\/\/www.chalupapodlesi.cz\/wp-content\/uploads\/2022\/05\/zima4.jpg\"  title=\"\" ><\/div><div class=\"thumbnail-overlay\"><div class=\"rbsIcons\"><i class=\"fa fa-search-plus rbsZoomIcon \" ><\/i><\/div><\/div><\/div><\/div><div class=\"rbs-img  category92 \" ><div class=\"rbs-img-image   rbs-lightbox \" ><div class=\"rbs-img-thumbs\"  data-thumbnail=\"https:\/\/www.chalupapodlesi.cz\/wp-content\/uploads\/2022\/05\/zima5-300x225.jpg\"  title=\"\"  data-width=\"300\"  data-height=\"225\" ><\/div><div class=\"rbs-img-data-popup\"  data-popup=\"https:\/\/www.chalupapodlesi.cz\/wp-content\/uploads\/2022\/05\/zima5.jpg\"  title=\"\" ><\/div><div class=\"thumbnail-overlay\"><div class=\"rbsIcons\"><i class=\"fa fa-search-plus rbsZoomIcon \" ><\/i><\/div><\/div><\/div><\/div><div class=\"rbs-img  category92 \" ><div class=\"rbs-img-image   rbs-lightbox \" ><div class=\"rbs-img-thumbs\"  data-thumbnail=\"https:\/\/www.chalupapodlesi.cz\/wp-content\/uploads\/2022\/05\/zima7-300x225.jpg\"  title=\"\"  data-width=\"300\"  data-height=\"225\" ><\/div><div class=\"rbs-img-data-popup\"  data-popup=\"https:\/\/www.chalupapodlesi.cz\/wp-content\/uploads\/2022\/05\/zima7.jpg\"  title=\"\" ><\/div><div class=\"thumbnail-overlay\"><div class=\"rbsIcons\"><i class=\"fa fa-search-plus rbsZoomIcon \" ><\/i><\/div><\/div><\/div><\/div><div class=\"rbs-img  category92 \" ><div class=\"rbs-img-image   rbs-lightbox \" ><div class=\"rbs-img-thumbs\"  data-thumbnail=\"https:\/\/www.chalupapodlesi.cz\/wp-content\/uploads\/2022\/05\/zima8-300x225.jpg\"  title=\"\"  data-width=\"300\"  data-height=\"225\" ><\/div><div class=\"rbs-img-data-popup\"  data-popup=\"https:\/\/www.chalupapodlesi.cz\/wp-content\/uploads\/2022\/05\/zima8.jpg\"  title=\"\" ><\/div><div class=\"thumbnail-overlay\"><div class=\"rbsIcons\"><i class=\"fa fa-search-plus rbsZoomIcon \" ><\/i><\/div><\/div><\/div><\/div><div class=\"rbs-img  category92 \" ><div class=\"rbs-img-image   rbs-lightbox \" ><div class=\"rbs-img-thumbs\"  data-thumbnail=\"https:\/\/www.chalupapodlesi.cz\/wp-content\/uploads\/2022\/05\/leto4-300x225.jpg\"  title=\"\"  data-width=\"300\"  data-height=\"225\" ><\/div><div class=\"rbs-img-data-popup\"  data-popup=\"https:\/\/www.chalupapodlesi.cz\/wp-content\/uploads\/2022\/05\/leto4.jpg\"  title=\"\" ><\/div><div class=\"thumbnail-overlay\"><div class=\"rbsIcons\"><i class=\"fa fa-search-plus rbsZoomIcon \" ><\/i><\/div><\/div><\/div><\/div><div class=\"rbs-img  category92 \" ><div class=\"rbs-img-image   rbs-lightbox \" ><div class=\"rbs-img-thumbs\"  data-thumbnail=\"https:\/\/www.chalupapodlesi.cz\/wp-content\/uploads\/2022\/05\/leto5-300x225.jpg\"  title=\"\"  data-width=\"300\"  data-height=\"225\" ><\/div><div class=\"rbs-img-data-popup\"  data-popup=\"https:\/\/www.chalupapodlesi.cz\/wp-content\/uploads\/2022\/05\/leto5.jpg\"  title=\"\" ><\/div><div class=\"thumbnail-overlay\"><div class=\"rbsIcons\"><i class=\"fa fa-search-plus rbsZoomIcon \" ><\/i><\/div><\/div><\/div><\/div><div class=\"rbs-img  category92 \" ><div class=\"rbs-img-image   rbs-lightbox \" ><div class=\"rbs-img-thumbs\"  data-thumbnail=\"https:\/\/www.chalupapodlesi.cz\/wp-content\/uploads\/2022\/05\/leto6-300x225.jpg\"  title=\"\"  data-width=\"300\"  data-height=\"225\" ><\/div><div class=\"rbs-img-data-popup\"  data-popup=\"https:\/\/www.chalupapodlesi.cz\/wp-content\/uploads\/2022\/05\/leto6.jpg\"  title=\"\" ><\/div><div class=\"thumbnail-overlay\"><div class=\"rbsIcons\"><i class=\"fa fa-search-plus rbsZoomIcon \" ><\/i><\/div><\/div><\/div><\/div><div class=\"rbs-img  category92 \" ><div class=\"rbs-img-image   rbs-lightbox \" ><div class=\"rbs-img-thumbs\"  data-thumbnail=\"https:\/\/www.chalupapodlesi.cz\/wp-content\/uploads\/2022\/05\/leto7-300x188.jpg\"  title=\"\"  data-width=\"300\"  data-height=\"188\" ><\/div><div class=\"rbs-img-data-popup\"  data-popup=\"https:\/\/www.chalupapodlesi.cz\/wp-content\/uploads\/2022\/05\/leto7.jpg\"  title=\"\" ><\/div><div class=\"thumbnail-overlay\"><div class=\"rbsIcons\"><i class=\"fa fa-search-plus rbsZoomIcon \" ><\/i><\/div><\/div><\/div><\/div><div class=\"rbs-img  category92 \" ><div class=\"rbs-img-image   rbs-lightbox \" ><div class=\"rbs-img-thumbs\"  data-thumbnail=\"https:\/\/www.chalupapodlesi.cz\/wp-content\/uploads\/2022\/05\/leto8-300x188.jpg\"  title=\"\"  data-width=\"300\"  data-height=\"188\" ><\/div><div class=\"rbs-img-data-popup\"  data-popup=\"https:\/\/www.chalupapodlesi.cz\/wp-content\/uploads\/2022\/05\/leto8.jpg\"  title=\"\" ><\/div><div class=\"thumbnail-overlay\"><div class=\"rbsIcons\"><i class=\"fa fa-search-plus rbsZoomIcon \" ><\/i><\/div><\/div><\/div><\/div><div class=\"rbs-img  category92 \" ><div class=\"rbs-img-image   rbs-lightbox \" ><div class=\"rbs-img-thumbs\"  data-thumbnail=\"https:\/\/www.chalupapodlesi.cz\/wp-content\/uploads\/2022\/05\/leto9-300x200.jpg\"  title=\"\"  data-width=\"300\"  data-height=\"200\" ><\/div><div class=\"rbs-img-data-popup\"  data-popup=\"https:\/\/www.chalupapodlesi.cz\/wp-content\/uploads\/2022\/05\/leto9.jpg\"  title=\"\" ><\/div><div class=\"thumbnail-overlay\"><div class=\"rbsIcons\"><i class=\"fa fa-search-plus rbsZoomIcon \" ><\/i><\/div><\/div><\/div><\/div><div class=\"rbs-img  category92 \" ><div class=\"rbs-img-image   rbs-lightbox \" ><div class=\"rbs-img-thumbs\"  data-thumbnail=\"https:\/\/www.chalupapodlesi.cz\/wp-content\/uploads\/2022\/05\/leto1-300x226.jpg\"  title=\"\"  data-width=\"300\"  data-height=\"226\" ><\/div><div class=\"rbs-img-data-popup\"  data-popup=\"https:\/\/www.chalupapodlesi.cz\/wp-content\/uploads\/2022\/05\/leto1.jpg\"  title=\"\" ><\/div><div class=\"thumbnail-overlay\"><div class=\"rbsIcons\"><i class=\"fa fa-search-plus rbsZoomIcon \" ><\/i><\/div><\/div><\/div><\/div><div class=\"rbs-img  category92 \" ><div class=\"rbs-img-image   rbs-lightbox \" ><div class=\"rbs-img-thumbs\"  data-thumbnail=\"https:\/\/www.chalupapodlesi.cz\/wp-content\/uploads\/2022\/05\/leto2-300x225.jpg\"  title=\"\"  data-width=\"300\"  data-height=\"225\" ><\/div><div class=\"rbs-img-data-popup\"  data-popup=\"https:\/\/www.chalupapodlesi.cz\/wp-content\/uploads\/2022\/05\/leto2.jpg\"  title=\"\" ><\/div><div class=\"thumbnail-overlay\"><div class=\"rbsIcons\"><i class=\"fa fa-search-plus rbsZoomIcon \" ><\/i><\/div><\/div><\/div><\/div><div class=\"rbs-img  category92 \" ><div class=\"rbs-img-image   rbs-lightbox \" ><div class=\"rbs-img-thumbs\"  data-thumbnail=\"https:\/\/www.chalupapodlesi.cz\/wp-content\/uploads\/2022\/05\/leto3-300x225.jpg\"  title=\"\"  data-width=\"300\"  data-height=\"225\" ><\/div><div class=\"rbs-img-data-popup\"  data-popup=\"https:\/\/www.chalupapodlesi.cz\/wp-content\/uploads\/2022\/05\/leto3.jpg\"  title=\"\" ><\/div><div class=\"thumbnail-overlay\"><div class=\"rbsIcons\"><i class=\"fa fa-search-plus rbsZoomIcon \" ><\/i><\/div><\/div><\/div><\/div><\/div><\/div><\/div><script>var rbs_gallery_69f280243476b = {\"version\":\"3.2.17\",\"id\":92,\"class\":\"id92\",\"roboGalleryDelay\":1000,\"mainContainer\":\"#robo_gallery_main_block_rbs_gallery_69f280243476b\",\"loadingContainer\":\"#rbs_gallery_69f280243476b-block-loader\",\"loadingContainerObj\":\"rbs_gallery_69f280243476b-block-loader\",\"columnWidth\":\"auto\",\"columns\":3,\"resolutions\":[{\"columnWidth\":\"auto\",\"columns\":3,\"maxWidth\":960},{\"columnWidth\":\"auto\",\"columns\":2,\"maxWidth\":650},{\"columnWidth\":\"auto\",\"columns\":1,\"maxWidth\":450}],\"lightboxOptions\":{\"gallery\":{\"enabled\":true,\"tCounter\":\"%curr% of %total%\"}},\"overlayEffect\":\"direction-aware-fade\",\"boxesToLoadStart\":12,\"boxesToLoad\":8,\"waitUntilThumbLoads\":1,\"LoadingWord\":\"Loading...\",\"loadMoreWord\":\"Load More\",\"noMoreEntriesWord\":\"No More Entries\",\"horizontalSpaceBetweenBoxes\":15,\"verticalSpaceBetweenBoxes\":15,\"lazyLoad\":1,\"wrapContainer\":\"#robo-gallery-wrap-rbs_gallery_69f280243476b\"};<\/script>","protected":false},"excerpt":{"rendered":"<p>Okol\u00ed a poloha penzionu poskytuje \u0161irok\u00e9 mo\u017enosti pro celoro\u010dn\u00ed rekreaci. Penzion se nach\u00e1z\u00ed na konci obce Horn\u00ed Polubn\u00fd, jako nejbli\u017e\u0161\u00ed k osad\u011b Jizerka, na b\u011b\u017eeck\u00e9 trase a cyklostezce Jizersk\u00e9 magistr\u00e1ly [&hellip;]<\/p>\n","protected":false},"author":1,"featured_media":73,"parent":0,"menu_order":0,"comment_status":"closed","ping_status":"closed","template":"","meta":{"footnotes":""},"class_list":["post-32","page","type-page","status-publish","has-post-thumbnail","hentry"],"_links":{"self":[{"href":"https:\/\/www.chalupapodlesi.cz\/index.php?rest_route=\/wp\/v2\/pages\/32","targetHints":{"allow":["GET"]}}],"collection":[{"href":"https:\/\/www.chalupapodlesi.cz\/index.php?rest_route=\/wp\/v2\/pages"}],"about":[{"href":"https:\/\/www.chalupapodlesi.cz\/index.php?rest_route=\/wp\/v2\/types\/page"}],"author":[{"embeddable":true,"href":"https:\/\/www.chalupapodlesi.cz\/index.php?rest_route=\/wp\/v2\/users\/1"}],"replies":[{"embeddable":true,"href":"https:\/\/www.chalupapodlesi.cz\/index.php?rest_route=%2Fwp%2Fv2%2Fcomments&post=32"}],"version-history":[{"count":2,"href":"https:\/\/www.chalupapodlesi.cz\/index.php?rest_route=\/wp\/v2\/pages\/32\/revisions"}],"predecessor-version":[{"id":93,"href":"https:\/\/www.chalupapodlesi.cz\/index.php?rest_route=\/wp\/v2\/pages\/32\/revisions\/93"}],"wp:featuredmedia":[{"embeddable":true,"href":"https:\/\/www.chalupapodlesi.cz\/index.php?rest_route=\/wp\/v2\/media\/73"}],"wp:attachment":[{"href":"https:\/\/www.chalupapodlesi.cz\/index.php?rest_route=%2Fwp%2Fv2%2Fmedia&parent=32"}],"curies":[{"name":"wp","href":"https:\/\/api.w.org\/{rel}","templated":true}]}}