{"id":30,"date":"2022-05-21T19:02:04","date_gmt":"2022-05-21T17:02:04","guid":{"rendered":"https:\/\/www.chalupapodlesi.cz\/?page_id=30"},"modified":"2022-05-22T19:32:21","modified_gmt":"2022-05-22T17:32:21","slug":"kontakt","status":"publish","type":"page","link":"https:\/\/www.chalupapodlesi.cz\/?page_id=30","title":{"rendered":"Kontakt"},"content":{"rendered":"\n<p>Chalupa PODLES\u00cd,<br>468 49 Horn\u00ed Polubn\u00fd 1362<br>Czech Republic<\/p>\n\n\n\n<p>tel.: +420 774 497 981, +420 777 593 693<br>email: chalupapodlesi@gmail.com<\/p>\n\n\n\n<p>GPS: 50\u00b046&#8217;26.5&#8243;N 15\u00b021&#8217;08.2&#8243;E<\/p>\n\n\n<div class=\"mapy-cz__wrapper\">\n\t\t<script>if(!window.wpify_mapy_cz){window.wpify_mapy_cz = {}};window.wpify_mapy_cz[99]={\"markers\":[{\"title\":\"Chalupa Podles\\u00ed\",\"id\":\"98\",\"excerpt\":\"\",\"content\":\"\",\"map_data\":{\"longitude\":15.35233783721923828125,\"latitude\":50.773960113525390625,\"address\":\"Chalupa Podles\\u00ed\",\"zoom\":16,\"description\":\"468 49 Horn\\u00ed Polubn\\u00fd 1362\\nCzech Republic\\n\\ntel.: +420 774 497 981, +420 777 593 693\\nemail: chalupapodlesi@gmail.com\"},\"thumbnail_id\":null,\"longitude\":15.35233783721923828125,\"latitude\":50.773960113525390625,\"address\":\"Chalupa Podles\\u00ed\",\"description\":\"468 49 Horn\\u00ed Polubn\\u00fd 1362\\nCzech Republic\\n\\ntel.: +420 774 497 981, +420 777 593 693\\nemail: chalupapodlesi@gmail.com\",\"marker_id\":98,\"permalink\":\"https:\\\/\\\/www.chalupapodlesi.cz\\\/?wpify_mapycz_marker=chalupa-podlesi\",\"card\":{\"header\":\"<h4>\\n\\t<a href=\\\"https:\\\/\\\/www.chalupapodlesi.cz\\\/?wpify_mapycz_marker=chalupa-podlesi\\\">\\n\\t\\tChalupa Podles\\u00ed\\t<\\\/a>\\n<\\\/h4>\\n\",\"body\":\"\\t<p>468 49 Horn\\u00ed Polubn\\u00fd 1362\\nCzech Republic\\n\\ntel.: +420 774 497 981, +420 777 593 693\\nemail: chalupapodlesi@gmail.com<\\\/p>\\n\\t\",\"footer\":\"\\t<address>Chalupa Podles\\u00ed<\\\/address>\\n\"}}],\"auto_center_zoom\":true,\"latitude\":50.773960113525390625,\"longitude\":15.35233783721923828125,\"zoom\":18,\"show_info_window\":true,\"id\":99,\"description\":\"\",\"width\":\"100%\",\"height\":\"400px\",\"layer_type\":\"DEF_BASE\"}<\/script>\n\t<div class=\"mapy-cz__map\" data-mapycz=\"99\"\n\t><\/div>\n\t<\/div>\n","protected":false},"excerpt":{"rendered":"<p>Chalupa PODLES\u00cd,468 49 Horn\u00ed Polubn\u00fd 1362Czech Republic tel.: +420 774 497 981, +420 777 593 693email: chalupapodlesi@gmail.com GPS: 50\u00b046&#8217;26.5&#8243;N 15\u00b021&#8217;08.2&#8243;E<\/p>\n","protected":false},"author":1,"featured_media":0,"parent":0,"menu_order":0,"comment_status":"closed","ping_status":"closed","template":"","meta":{"footnotes":""},"class_list":["post-30","page","type-page","status-publish","hentry"],"_links":{"self":[{"href":"https:\/\/www.chalupapodlesi.cz\/index.php?rest_route=\/wp\/v2\/pages\/30","targetHints":{"allow":["GET"]}}],"collection":[{"href":"https:\/\/www.chalupapodlesi.cz\/index.php?rest_route=\/wp\/v2\/pages"}],"about":[{"href":"https:\/\/www.chalupapodlesi.cz\/index.php?rest_route=\/wp\/v2\/types\/page"}],"author":[{"embeddable":true,"href":"https:\/\/www.chalupapodlesi.cz\/index.php?rest_route=\/wp\/v2\/users\/1"}],"replies":[{"embeddable":true,"href":"https:\/\/www.chalupapodlesi.cz\/index.php?rest_route=%2Fwp%2Fv2%2Fcomments&post=30"}],"version-history":[{"count":2,"href":"https:\/\/www.chalupapodlesi.cz\/index.php?rest_route=\/wp\/v2\/pages\/30\/revisions"}],"predecessor-version":[{"id":100,"href":"https:\/\/www.chalupapodlesi.cz\/index.php?rest_route=\/wp\/v2\/pages\/30\/revisions\/100"}],"wp:attachment":[{"href":"https:\/\/www.chalupapodlesi.cz\/index.php?rest_route=%2Fwp%2Fv2%2Fmedia&parent=30"}],"curies":[{"name":"wp","href":"https:\/\/api.w.org\/{rel}","templated":true}]}}